{"id":111,"date":"2022-10-17T20:38:42","date_gmt":"2022-10-17T18:38:42","guid":{"rendered":"https:\/\/orientering.sjovalla.se\/?page_id=111"},"modified":"2024-03-01T10:37:42","modified_gmt":"2024-03-01T09:37:42","slug":"goteborgsdubbeln","status":"publish","type":"page","link":"https:\/\/orientering.sjovalla.se\/index.php\/arrangemang\/goteborgsdubbeln\/","title":{"rendered":"G\u00f6teborgsdubbeln"},"content":{"rendered":"\n<p>Den 16:e-17:e april anordnar Sj\u00f6valla FK 2024&#8217;s upplaga av G\u00f6teborgsdubbeln &#8211; som vanligt ihop med Lerums SOK.<\/p>\n\n\n\n<h2 class=\"wp-block-heading\">Anm\u00e4lan<\/h2>\n\n\n\n<ul class=\"wp-block-list\">\n<li><a href=\"https:\/\/eventor.orientering.se\/Events\/Show\/40490\">G\u00f6teborgsdubbel, L\u00e5ng<\/a> &#8211; L\u00f6rdag 13:e april (Sj\u00f6valla FK)<\/li>\n\n\n\n<li><a href=\"https:\/\/eventor.orientering.se\/Events\/Show\/46367\">G\u00f6teborgsdubbel, Medel<\/a> &#8211; S\u00f6ndag 14:e april (Lerum SOK)<\/li>\n<\/ul>\n\n\n\n<p>Varmt v\u00e4lkomna alla oavsett om ni bor n\u00e4ra eller i fj\u00e4rran &#8211; vi hoppas bjuda p\u00e5 tv\u00e5 fina och roliga dagar!<\/p>\n\n\n\n<div style=\"height:41px\" aria-hidden=\"true\" class=\"wp-block-spacer\"><\/div>\n\n\n\n<hr class=\"wp-block-separator has-alpha-channel-opacity\"\/>\n\n\n\n<h3 class=\"wp-block-heading\">Information f\u00f6r Sj\u00f6valla<\/h3>\n\n\n\n<p>Ungdomar upp till och med 16 \u00e5r fr\u00e5n Sj\u00f6valla kan deltaga p\u00e5 t\u00e4vlingen. Juniorer och vuxna hj\u00e4lps \u00e5t som <a href=\"https:\/\/eventor.orientering.se\/Activities\/Show\/19125\">funktion\u00e4rer<\/a> och har roligt vid sidan om ist\u00e4llet!<\/p>\n\n\n\n<p><a href=\"https:\/\/eventor.orientering.se\/Activities\/Show\/17333\">Funktion\u00e4rsanm\u00e4lan<\/a><\/p>\n\n\n\n<p><\/p>\n","protected":false},"excerpt":{"rendered":"<p>Den 16:e-17:e april anordnar Sj\u00f6valla FK 2024&#8217;s upplaga av G\u00f6teborgsdubbeln &#8211; som vanligt ihop med Lerums SOK. Anm\u00e4lan Varmt v\u00e4lkomna [&hellip;]<\/p>\n","protected":false},"author":1,"featured_media":0,"parent":17,"menu_order":0,"comment_status":"closed","ping_status":"closed","template":"","meta":{"footnotes":""},"class_list":["post-111","page","type-page","status-publish","hentry"],"_links":{"self":[{"href":"https:\/\/orientering.sjovalla.se\/index.php\/wp-json\/wp\/v2\/pages\/111","targetHints":{"allow":["GET"]}}],"collection":[{"href":"https:\/\/orientering.sjovalla.se\/index.php\/wp-json\/wp\/v2\/pages"}],"about":[{"href":"https:\/\/orientering.sjovalla.se\/index.php\/wp-json\/wp\/v2\/types\/page"}],"author":[{"embeddable":true,"href":"https:\/\/orientering.sjovalla.se\/index.php\/wp-json\/wp\/v2\/users\/1"}],"replies":[{"embeddable":true,"href":"https:\/\/orientering.sjovalla.se\/index.php\/wp-json\/wp\/v2\/comments?post=111"}],"version-history":[{"count":8,"href":"https:\/\/orientering.sjovalla.se\/index.php\/wp-json\/wp\/v2\/pages\/111\/revisions"}],"predecessor-version":[{"id":1069,"href":"https:\/\/orientering.sjovalla.se\/index.php\/wp-json\/wp\/v2\/pages\/111\/revisions\/1069"}],"up":[{"embeddable":true,"href":"https:\/\/orientering.sjovalla.se\/index.php\/wp-json\/wp\/v2\/pages\/17"}],"wp:attachment":[{"href":"https:\/\/orientering.sjovalla.se\/index.php\/wp-json\/wp\/v2\/media?parent=111"}],"curies":[{"name":"wp","href":"https:\/\/api.w.org\/{rel}","templated":true}]}}