{"id":114,"date":"2022-10-17T20:40:27","date_gmt":"2022-10-17T18:40:27","guid":{"rendered":"https:\/\/orientering.sjovalla.se\/?page_id=114"},"modified":"2022-10-17T20:40:27","modified_gmt":"2022-10-17T18:40:27","slug":"for-medlemmar","status":"publish","type":"page","link":"https:\/\/orientering.sjovalla.se\/index.php\/for-medlemmar\/","title":{"rendered":"F\u00f6r medlemmar"},"content":{"rendered":"\n<p>Denna del av hemsidan \u00e4r riktad f\u00f6r de som \u00e4r eller vill bli medlemmar inom Sj\u00f6valla FK Orientering<\/p>\n","protected":false},"excerpt":{"rendered":"<p>Denna del av hemsidan \u00e4r riktad f\u00f6r de som \u00e4r eller vill bli medlemmar inom Sj\u00f6valla FK Orientering<\/p>\n","protected":false},"author":1,"featured_media":0,"parent":0,"menu_order":0,"comment_status":"closed","ping_status":"closed","template":"","meta":{"footnotes":""},"class_list":["post-114","page","type-page","status-publish","hentry"],"_links":{"self":[{"href":"https:\/\/orientering.sjovalla.se\/index.php\/wp-json\/wp\/v2\/pages\/114","targetHints":{"allow":["GET"]}}],"collection":[{"href":"https:\/\/orientering.sjovalla.se\/index.php\/wp-json\/wp\/v2\/pages"}],"about":[{"href":"https:\/\/orientering.sjovalla.se\/index.php\/wp-json\/wp\/v2\/types\/page"}],"author":[{"embeddable":true,"href":"https:\/\/orientering.sjovalla.se\/index.php\/wp-json\/wp\/v2\/users\/1"}],"replies":[{"embeddable":true,"href":"https:\/\/orientering.sjovalla.se\/index.php\/wp-json\/wp\/v2\/comments?post=114"}],"version-history":[{"count":1,"href":"https:\/\/orientering.sjovalla.se\/index.php\/wp-json\/wp\/v2\/pages\/114\/revisions"}],"predecessor-version":[{"id":115,"href":"https:\/\/orientering.sjovalla.se\/index.php\/wp-json\/wp\/v2\/pages\/114\/revisions\/115"}],"wp:attachment":[{"href":"https:\/\/orientering.sjovalla.se\/index.php\/wp-json\/wp\/v2\/media?parent=114"}],"curies":[{"name":"wp","href":"https:\/\/api.w.org\/{rel}","templated":true}]}}