{"id":202,"date":"2022-11-08T00:11:55","date_gmt":"2022-11-07T23:11:55","guid":{"rendered":"https:\/\/orientering.sjovalla.se\/?page_id=202"},"modified":"2025-10-28T13:59:11","modified_gmt":"2025-10-28T12:59:11","slug":"klader","status":"publish","type":"page","link":"https:\/\/orientering.sjovalla.se\/index.php\/for-medlemmar\/klader\/","title":{"rendered":"Kl\u00e4der"},"content":{"rendered":"\n<p>Som medlem kan du k\u00f6pa klubbkl\u00e4der med Sj\u00f6valla-tryck p\u00e5!<\/p>\n\n\n\n<p>N\u00e4r man t\u00e4vlar f\u00f6r Sj\u00f6valla i \u00e5ldersklass och stafett b\u00f6r man generellt ha Sj\u00f6vallas t\u00e4vlingstr\u00f6ja (valfri \u00e5rsmodell) p\u00e5 sig. P\u00e5 prispallen har vi Sj\u00f6vallas t\u00e4vlingstr\u00f6ja eller \u00f6verdragsjacka p\u00e5 oss!<\/p>\n\n\n\n<p>Vuxenkl\u00e4der k\u00f6ps till ink\u00f6pspris och kl\u00e4der till ungdomar t.o.m. 16 \u00e5r subventioneras. (Av administrativa sk\u00e4l subventioneras inte k\u00f6p av kl\u00e4der i webshoppen ytterligare \u00e4n den rabatt som Trimtex ger, utan subventionen g\u00e4ller kl\u00e4der enligt nedan) <br>Vi har jackor, t-shirts med dragkedja, m\u00f6ssor och pannband p\u00e5 lager att k\u00f6pa direkt.<\/p>\n\n\n\n<p>Kl\u00e4df\u00f6rs\u00e4ljningen sker genom <strong>Ingrid Alinder<\/strong> <br>tel: 073-6738282, mail: info@dressbakery.se <\/p>\n\n\n\n<p><strong>Kl\u00e4der och priser<\/strong><br>Tr\u00e4ningsjacka ungdom 695 kr<br>Tr\u00e4ningsjacka vuxen 1020 kr<\/p>\n\n\n\n<p>T\u00e4vlingstr\u00f6ja ungdom 325 kr<br>T\u00e4vlingstr\u00f6ja vuxen 510 kr<\/p>\n\n\n\n<p>M\u00f6ssa 315 kr <br>Pannband 200 kr <br><br>Vi uppmuntrar er till att s\u00e4lja vidare urvuxna klubbkl\u00e4der och f\u00f6r att underl\u00e4tta detta ordnar vi k\u00f6p\/byt\/s\u00e4lj-kv\u00e4llar vid Finnsj\u00f6g\u00e5rden b\u00e5de p\u00e5 v\u00e5ren och h\u00f6sten. <br>Speciellt begagnade barnkl\u00e4der \u00e4r v\u00e4ldigt eftertraktat. <br>H\u00e5ll utkik efter datum i v\u00e5ra nyhetsmail.<\/p>\n\n\n\n<p><strong>Tights\/nylonbyxor<\/strong><br>Vi s\u00e4ljer inte egna nederdelar, utan man v\u00e4ljer sj\u00e4lv vilka byxor man vill ha och k\u00f6per fr\u00e5n t.ex. <a href=\"https:\/\/smsport.se\/\" data-type=\"URL\" data-id=\"https:\/\/smsport.se\/\">SM Sport<\/a>.<br>I samband med att webshopen \u00e4r \u00f6ppen hos Trimtex, s\u00e5 finns d\u00e4r n\u00e5gra byxmodeller att k\u00f6pa till rabatterat pris.<\/p>\n\n\n\n<p><strong>Sportidentpinnar<\/strong><br>Sportidentpinnar k\u00f6per man enligt anvisning <a href=\"https:\/\/orientering.sjovalla.se\/index.php\/for-medlemmar\/sportident\/\" data-type=\"page\" data-id=\"321\">h\u00e4r<\/a>.<\/p>\n\n\n\n<p><\/p>\n","protected":false},"excerpt":{"rendered":"<p>Som medlem kan du k\u00f6pa klubbkl\u00e4der med Sj\u00f6valla-tryck p\u00e5! N\u00e4r man t\u00e4vlar f\u00f6r Sj\u00f6valla i \u00e5ldersklass och stafett b\u00f6r man [&hellip;]<\/p>\n","protected":false},"author":1,"featured_media":0,"parent":114,"menu_order":0,"comment_status":"closed","ping_status":"closed","template":"","meta":{"footnotes":""},"class_list":["post-202","page","type-page","status-publish","hentry"],"_links":{"self":[{"href":"https:\/\/orientering.sjovalla.se\/index.php\/wp-json\/wp\/v2\/pages\/202","targetHints":{"allow":["GET"]}}],"collection":[{"href":"https:\/\/orientering.sjovalla.se\/index.php\/wp-json\/wp\/v2\/pages"}],"about":[{"href":"https:\/\/orientering.sjovalla.se\/index.php\/wp-json\/wp\/v2\/types\/page"}],"author":[{"embeddable":true,"href":"https:\/\/orientering.sjovalla.se\/index.php\/wp-json\/wp\/v2\/users\/1"}],"replies":[{"embeddable":true,"href":"https:\/\/orientering.sjovalla.se\/index.php\/wp-json\/wp\/v2\/comments?post=202"}],"version-history":[{"count":19,"href":"https:\/\/orientering.sjovalla.se\/index.php\/wp-json\/wp\/v2\/pages\/202\/revisions"}],"predecessor-version":[{"id":1222,"href":"https:\/\/orientering.sjovalla.se\/index.php\/wp-json\/wp\/v2\/pages\/202\/revisions\/1222"}],"up":[{"embeddable":true,"href":"https:\/\/orientering.sjovalla.se\/index.php\/wp-json\/wp\/v2\/pages\/114"}],"wp:attachment":[{"href":"https:\/\/orientering.sjovalla.se\/index.php\/wp-json\/wp\/v2\/media?parent=202"}],"curies":[{"name":"wp","href":"https:\/\/api.w.org\/{rel}","templated":true}]}}

Kläder

<p>Som medlem kan du köpa klubbkläder med Sjövalla-tryck på!</p>



<p>När man tävlar för Sjövalla i åldersklass och stafett bör man generellt ha Sjövallas tävlingströja (valfri årsmodell) på sig. På prispallen har vi Sjövallas tävlingströja eller överdragsjacka på oss!</p>



<p>Vuxenkläder köps till inköpspris och kläder till ungdomar t.o.m. 16 år subventioneras. (Av administrativa skäl subventioneras inte köp av kläder i webshoppen ytterligare än den rabatt som Trimtex ger, utan subventionen gäller kläder enligt nedan) <br>Vi har jackor, t-shirts med dragkedja, mössor och pannband på lager att köpa direkt.</p>



<p>Klädförsäljningen sker genom <strong>Ingrid Alinder</strong> <br>tel: 073-6738282, mail: info@dressbakery.se </p>



<p><strong>Kläder och priser</strong><br>Träningsjacka ungdom 695 kr<br>Träningsjacka vuxen 1020 kr</p>



<p>Tävlingströja ungdom 325 kr<br>Tävlingströja vuxen 510 kr</p>



<p>Mössa 315 kr <br>Pannband 200 kr <br><br>Vi uppmuntrar er till att sälja vidare urvuxna klubbkläder och för att underlätta detta ordnar vi köp/byt/sälj-kvällar vid Finnsjögården både på våren och hösten. <br>Speciellt begagnade barnkläder är väldigt eftertraktat. <br>Håll utkik efter datum i våra nyhetsmail.</p>



<p><strong>Tights/nylonbyxor</strong><br>Vi säljer inte egna nederdelar, utan man väljer själv vilka byxor man vill ha och köper från t.ex. <a href="https://smsport.se/" data-type="URL" data-id="https://smsport.se/">SM Sport</a>.<br>I samband med att webshopen är öppen hos Trimtex, så finns där några byxmodeller att köpa till rabatterat pris.</p>



<p><strong>Sportidentpinnar</strong><br>Sportidentpinnar köper man enligt anvisning <a href="https://orientering.sjovalla.se/index.php/for-medlemmar/sportident/" data-type="page" data-id="321">här</a>.</p>



<p></p>

<p>Som medlem kan du köpa klubbkläder med Sjövalla-tryck på! När man tävlar för Sjövalla i åldersklass och stafett bör man [&hellip;]</p>
