{"id":242,"date":"2022-11-10T00:52:36","date_gmt":"2022-11-09T23:52:36","guid":{"rendered":"https:\/\/orientering.sjovalla.se\/?page_id=242"},"modified":"2023-05-05T07:34:00","modified_gmt":"2023-05-05T05:34:00","slug":"bli-medlem","status":"publish","type":"page","link":"https:\/\/orientering.sjovalla.se\/index.php\/for-medlemmar\/bli-medlem\/","title":{"rendered":"Bli medlem"},"content":{"rendered":"\n<p>Som medlem blir du inte enbart medlem inom Orienteringssektionen utan i hela <a href=\"https:\/\/sjovalla.se\" data-type=\"URL\" data-id=\"https:\/\/sjovalla.se\">Sj\u00f6valla Frisksportklubb<\/a>, l\u00e4s<a href=\"https:\/\/www.sjovalla.se\/index.php\/for-medlemmar\/bli-medlem-i-sjovalla-frisksportklubb\/\"> h\u00e4r<\/a> hur du g\u00e5r tillv\u00e4ga f\u00f6r att bli medlem.<\/p>\n\n\n\n<p>Ett medlemskap inneb\u00e4r rabatterad tillg\u00e5ng till v\u00e5r klubbstuga Finnsj\u00f6g\u00e5rden med mera! Inom Orienteringssektionen f\u00e5r du <a href=\"https:\/\/orientering.sjovalla.se\/index.php\/for-medlemmar\/subventioner\/\" data-type=\"page\" data-id=\"400\">subvention<\/a> p\u00e5 m\u00e5nga t\u00e4vlingar och aktiviteter samt m\u00f6jlighet att k\u00f6pa <a href=\"https:\/\/orientering.sjovalla.se\/index.php\/for-medlemmar\/klader\/\" data-type=\"page\" data-id=\"202\">klubbkl\u00e4der<\/a>.<\/p>\n\n\n\n<p>F\u00f6r fr\u00e5gor kring medlemsavgift finns adress till v\u00e5r medlemskass\u00f6r<a href=\"https:\/\/www.sjovalla.se\/index.php\/for-medlemmar\/bli-medlem-i-sjovalla-frisksportklubb\/\"> h\u00e4r<\/a> <\/p>\n\n\n\n<p><\/p>\n\n\n\n<div style=\"height:30px\" aria-hidden=\"true\" class=\"wp-block-spacer\"><\/div>\n\n\n\n<div class=\"wp-block-group has-background-background-color has-background is-layout-constrained wp-container-core-group-is-layout-97875daf wp-block-group-is-layout-constrained\" style=\"border-radius:3px;padding-top:var(--wp--preset--spacing--30);padding-right:var(--wp--preset--spacing--30);padding-bottom:var(--wp--preset--spacing--30);padding-left:var(--wp--preset--spacing--30)\">\n<h2 class=\"wp-block-heading\">\u00c4r du ny och undrar mer om orientering eller Sj\u00f6valla i sig?<\/h2>\n\n\n\n<ul class=\"wp-block-list\">\n<li>L\u00e4s v\u00e5r <a href=\"https:\/\/orientering.sjovalla.se\/index.php\/lar-dig-mer\/grundlaggande-om-orientering\/\" data-type=\"page\" data-id=\"39\">grundl\u00e4ggande information om orientering<\/a><\/li>\n\n\n\n<li>V\u00e5ra <a href=\"https:\/\/orientering.sjovalla.se\/index.php\/ungdom\/ungdomsgrupper\/\" data-type=\"page\" data-id=\"56\">ungdomsgrupper<\/a> \u00e4r ofta en start f\u00f6r m\u00e5nga<\/li>\n\n\n\n<li>Vi har tr\u00e4ningar \u00e4ven f\u00f6r vuxna med eller utan barn &#8211; l\u00e4s mer under <a href=\"https:\/\/orientering.sjovalla.se\/index.php\/for-medlemmar\/traningar\/\" data-type=\"page\" data-id=\"161\">tr\u00e4ningar<\/a><\/li>\n<\/ul>\n\n\n\n<p>Du hittar kontaktuppgifter via l\u00e4nkarna ovan. Unders\u00f6k menyerna f\u00f6r ytterligare information om v\u00e5r sektion. Hittar du inte det du s\u00f6ker h\u00f6r av dig till <a href=\"mailto:info.orientering@sjovalla.se\">info.orientering@sjovalla.se<\/a>. <\/p>\n\n\n\n<p>V\u00e4lkommen \u00f6nskar Sj\u00f6valla Orientering!<\/p>\n<\/div>\n","protected":false},"excerpt":{"rendered":"<p>Som medlem blir du inte enbart medlem inom Orienteringssektionen utan i hela Sj\u00f6valla Frisksportklubb, l\u00e4s h\u00e4r hur du g\u00e5r tillv\u00e4ga [&hellip;]<\/p>\n","protected":false},"author":4,"featured_media":0,"parent":114,"menu_order":0,"comment_status":"closed","ping_status":"closed","template":"","meta":{"footnotes":""},"class_list":["post-242","page","type-page","status-publish","hentry"],"_links":{"self":[{"href":"https:\/\/orientering.sjovalla.se\/index.php\/wp-json\/wp\/v2\/pages\/242","targetHints":{"allow":["GET"]}}],"collection":[{"href":"https:\/\/orientering.sjovalla.se\/index.php\/wp-json\/wp\/v2\/pages"}],"about":[{"href":"https:\/\/orientering.sjovalla.se\/index.php\/wp-json\/wp\/v2\/types\/page"}],"author":[{"embeddable":true,"href":"https:\/\/orientering.sjovalla.se\/index.php\/wp-json\/wp\/v2\/users\/4"}],"replies":[{"embeddable":true,"href":"https:\/\/orientering.sjovalla.se\/index.php\/wp-json\/wp\/v2\/comments?post=242"}],"version-history":[{"count":11,"href":"https:\/\/orientering.sjovalla.se\/index.php\/wp-json\/wp\/v2\/pages\/242\/revisions"}],"predecessor-version":[{"id":771,"href":"https:\/\/orientering.sjovalla.se\/index.php\/wp-json\/wp\/v2\/pages\/242\/revisions\/771"}],"up":[{"embeddable":true,"href":"https:\/\/orientering.sjovalla.se\/index.php\/wp-json\/wp\/v2\/pages\/114"}],"wp:attachment":[{"href":"https:\/\/orientering.sjovalla.se\/index.php\/wp-json\/wp\/v2\/media?parent=242"}],"curies":[{"name":"wp","href":"https:\/\/api.w.org\/{rel}","templated":true}]}}