{"id":50,"date":"2022-10-06T01:27:22","date_gmt":"2022-10-05T23:27:22","guid":{"rendered":"https:\/\/orientering.sjovalla.se\/?page_id=50"},"modified":"2023-02-10T11:22:29","modified_gmt":"2023-02-10T10:22:29","slug":"nyheter","status":"publish","type":"page","link":"https:\/\/orientering.sjovalla.se\/index.php\/nyheter\/","title":{"rendered":"Nyheter"},"content":{"rendered":"\n<p>Samlade nyheter och inl\u00e4gg<\/p>\n\n\n\n<h2 class=\"wp-block-heading\">Sj\u00f6valla Orienterings senaste nyheter:<\/h2>\n\n\n<ul class=\"wp-block-latest-posts__list has-dates wp-block-latest-posts\"><li><a class=\"wp-block-latest-posts__post-title\" href=\"https:\/\/orientering.sjovalla.se\/index.php\/2026\/05\/14\/nu-ar-anmalan-till-sol-skolan-2026-oppen\/\">Nu \u00e4r anm\u00e4lan till SOL-skolan 2026 \u00f6ppen!<\/a><time datetime=\"2026-05-14T15:20:29+02:00\" class=\"wp-block-latest-posts__post-date\">2026-05-14<\/time><\/li>\n<li><a class=\"wp-block-latest-posts__post-title\" href=\"https:\/\/orientering.sjovalla.se\/index.php\/2026\/04\/26\/resultat-finnsjon-100-50-56-2026\/\">Resultat Finnsj\u00f6n 100\/50\/5,6 (2026)<\/a><time datetime=\"2026-04-26T00:03:08+02:00\" class=\"wp-block-latest-posts__post-date\">2026-04-26<\/time><\/li>\n<li><a class=\"wp-block-latest-posts__post-title\" href=\"https:\/\/orientering.sjovalla.se\/index.php\/2026\/02\/18\/snart-ar-varen-har\/\">Snart \u00e4r v\u00e5ren h\u00e4r!<\/a><time datetime=\"2026-02-18T18:06:10+01:00\" class=\"wp-block-latest-posts__post-date\">2026-02-18<\/time><\/li>\n<li><a class=\"wp-block-latest-posts__post-title\" href=\"https:\/\/orientering.sjovalla.se\/index.php\/2025\/10\/22\/vintertraningarna-borjar-v-45\/\">Vintertr\u00e4ningarna b\u00f6rjar v 45:<\/a><time datetime=\"2025-10-22T22:20:05+02:00\" class=\"wp-block-latest-posts__post-date\">2025-10-22<\/time><\/li>\n<li><a class=\"wp-block-latest-posts__post-title\" href=\"https:\/\/orientering.sjovalla.se\/index.php\/2025\/08\/24\/ol-traningarna-ar-igang-efter-sommaren\/\">OL-tr\u00e4ningarna \u00e4r ig\u00e5ng efter sommaren!<\/a><time datetime=\"2025-08-24T20:24:00+02:00\" class=\"wp-block-latest-posts__post-date\">2025-08-24<\/time><\/li>\n<\/ul>\n\n\n<h2 class=\"wp-block-heading\">Nyheter fr\u00e5n Svenska Orienteringsf\u00f6rbundet<\/h2>\n\n\n<ul class=\"has-dates wp-block-rss\"><li class='wp-block-rss__item'><div class='wp-block-rss__item-title'><a href='https:\/\/www.orientering.se\/utova-och-folj\/nyheter\/jonatan-gustafsson-och-eef-van-dongen-sprint-sm-vinnare-2026\/'>Jonatan Gustafsson och Eef Van Dongen Sprint-SM vinnare 2026<\/a><\/div><time datetime=\"2026-05-16T18:50:56+02:00\" class=\"wp-block-rss__item-publish-date\">2026-05-16<\/time> <\/li><li class='wp-block-rss__item'><div class='wp-block-rss__item-title'><a href='https:\/\/www.orientering.se\/utova-och-folj\/nyheter\/freja-hjerne-och-anton-jonsson-snabbast-pa-jvm-testerna\/'>Freja Hjerne och Anton Jonsson snabbast p\u00e5 JVM-testerna<\/a><\/div><time datetime=\"2026-05-14T20:28:41+02:00\" class=\"wp-block-rss__item-publish-date\">2026-05-14<\/time> <\/li><li class='wp-block-rss__item'><div class='wp-block-rss__item-title'><a href='https:\/\/www.orientering.se\/utova-och-folj\/nyheter\/karolin-ohlsson-infor-sprint-sm-jag-ska-vara-konsekvent-i-mina-beslut\/'>Karolin Ohlsson inf\u00f6r Sprint-SM: \u201dJag ska vara konsekvent i mina beslut\u201d<\/a><\/div><time datetime=\"2026-05-13T10:39:23+02:00\" class=\"wp-block-rss__item-publish-date\">2026-05-13<\/time> <\/li><li class='wp-block-rss__item'><div class='wp-block-rss__item-title'><a href='https:\/\/www.orientering.se\/utova-och-folj\/nyheter\/guld-till-anton-hemlin-pa-tempo-sm-i-kvillebyn\/'>Guld till Anton Hemlin p\u00e5 TempO-SM i Kvillebyn<\/a><\/div><time datetime=\"2026-05-11T16:00:43+02:00\" class=\"wp-block-rss__item-publish-date\">2026-05-11<\/time> <\/li><li class='wp-block-rss__item'><div class='wp-block-rss__item-title'><a href='https:\/\/www.orientering.se\/utova-och-folj\/nyheter\/world-orienteering-week-lyfter-orienteringen-varlden-over\/'>World Orienteering Week lyfter orienteringen v\u00e4rlden \u00f6ver<\/a><\/div><time datetime=\"2026-05-11T14:30:12+02:00\" class=\"wp-block-rss__item-publish-date\">2026-05-11<\/time> <\/li><\/ul>","protected":false},"excerpt":{"rendered":"<p>Samlade nyheter och inl\u00e4gg Sj\u00f6valla Orienterings senaste nyheter: Nyheter fr\u00e5n Svenska Orienteringsf\u00f6rbundet<\/p>\n","protected":false},"author":1,"featured_media":0,"parent":0,"menu_order":0,"comment_status":"closed","ping_status":"closed","template":"","meta":{"footnotes":""},"class_list":["post-50","page","type-page","status-publish","hentry"],"_links":{"self":[{"href":"https:\/\/orientering.sjovalla.se\/index.php\/wp-json\/wp\/v2\/pages\/50","targetHints":{"allow":["GET"]}}],"collection":[{"href":"https:\/\/orientering.sjovalla.se\/index.php\/wp-json\/wp\/v2\/pages"}],"about":[{"href":"https:\/\/orientering.sjovalla.se\/index.php\/wp-json\/wp\/v2\/types\/page"}],"author":[{"embeddable":true,"href":"https:\/\/orientering.sjovalla.se\/index.php\/wp-json\/wp\/v2\/users\/1"}],"replies":[{"embeddable":true,"href":"https:\/\/orientering.sjovalla.se\/index.php\/wp-json\/wp\/v2\/comments?post=50"}],"version-history":[{"count":3,"href":"https:\/\/orientering.sjovalla.se\/index.php\/wp-json\/wp\/v2\/pages\/50\/revisions"}],"predecessor-version":[{"id":555,"href":"https:\/\/orientering.sjovalla.se\/index.php\/wp-json\/wp\/v2\/pages\/50\/revisions\/555"}],"wp:attachment":[{"href":"https:\/\/orientering.sjovalla.se\/index.php\/wp-json\/wp\/v2\/media?parent=50"}],"curies":[{"name":"wp","href":"https:\/\/api.w.org\/{rel}","templated":true}]}}