{"id":96,"date":"2022-10-17T09:41:05","date_gmt":"2022-10-17T07:41:05","guid":{"rendered":"https:\/\/orientering.sjovalla.se\/?page_id=96"},"modified":"2022-12-18T22:30:48","modified_gmt":"2022-12-18T21:30:48","slug":"spok-ol-2","status":"publish","type":"page","link":"https:\/\/orientering.sjovalla.se\/index.php\/ungdom\/spok-ol-2\/","title":{"rendered":"Sp\u00f6k-OL"},"content":{"rendered":"\n<p>N\u00e4r kv\u00e4llarna blivit m\u00f6rka och natten kryper p\u00e5 &#8211; d\u00e5 brukar det vara dags f\u00f6r en Sj\u00f6valla-klassiker, n\u00e4mligen Sp\u00f6k-OL.<\/p>\n\n\n\n<p>Alla v\u00e5ra ungdomar i klubben bjuds in till en s\u00e4songsavslutning, d\u00e4r de yngre f\u00e5r g\u00e5 en sp\u00f6kvandring l\u00e4ngs en stig i skogen. Ute p\u00e5 stigen finns det <em>sn\u00e4lla<\/em> sp\u00f6ken (klubbens lite \u00e4ldre ungdomar) som g\u00f6r kv\u00e4llen v\u00e4rd att minnas (p\u00e5 ett bra s\u00e4tt).<\/p>\n\n\n\n<p>Efter vandringen samlas vi i Finnsj\u00f6g\u00e5rden f\u00f6r avslutning och fika. Gl\u00f6mt inte att anm\u00e4la er s\u00e5 maten r\u00e4cker.<\/p>\n\n\n\n<h2 class=\"wp-block-heading\">N\u00e4r?<\/h2>\n\n\n\n<p>En tisdag eller torsdagskv\u00e4ll i mitten\/slutet av oktober. Information om anm\u00e4lan, plats och tid skickas ut innan &#8211; h\u00e5ll \u00e4ven utkik i <a href=\"https:\/\/orientering.sjovalla.se\/index.php\/nyheter\/\" data-type=\"page\" data-id=\"50\">nyheter<\/a>.<\/p>\n","protected":false},"excerpt":{"rendered":"<p>N\u00e4r kv\u00e4llarna blivit m\u00f6rka och natten kryper p\u00e5 &#8211; d\u00e5 brukar det vara dags f\u00f6r en Sj\u00f6valla-klassiker, n\u00e4mligen Sp\u00f6k-OL. Alla [&hellip;]<\/p>\n","protected":false},"author":1,"featured_media":379,"parent":33,"menu_order":0,"comment_status":"closed","ping_status":"closed","template":"","meta":{"footnotes":""},"class_list":["post-96","page","type-page","status-publish","has-post-thumbnail","hentry"],"_links":{"self":[{"href":"https:\/\/orientering.sjovalla.se\/index.php\/wp-json\/wp\/v2\/pages\/96","targetHints":{"allow":["GET"]}}],"collection":[{"href":"https:\/\/orientering.sjovalla.se\/index.php\/wp-json\/wp\/v2\/pages"}],"about":[{"href":"https:\/\/orientering.sjovalla.se\/index.php\/wp-json\/wp\/v2\/types\/page"}],"author":[{"embeddable":true,"href":"https:\/\/orientering.sjovalla.se\/index.php\/wp-json\/wp\/v2\/users\/1"}],"replies":[{"embeddable":true,"href":"https:\/\/orientering.sjovalla.se\/index.php\/wp-json\/wp\/v2\/comments?post=96"}],"version-history":[{"count":4,"href":"https:\/\/orientering.sjovalla.se\/index.php\/wp-json\/wp\/v2\/pages\/96\/revisions"}],"predecessor-version":[{"id":293,"href":"https:\/\/orientering.sjovalla.se\/index.php\/wp-json\/wp\/v2\/pages\/96\/revisions\/293"}],"up":[{"embeddable":true,"href":"https:\/\/orientering.sjovalla.se\/index.php\/wp-json\/wp\/v2\/pages\/33"}],"wp:featuredmedia":[{"embeddable":true,"href":"https:\/\/orientering.sjovalla.se\/index.php\/wp-json\/wp\/v2\/media\/379"}],"wp:attachment":[{"href":"https:\/\/orientering.sjovalla.se\/index.php\/wp-json\/wp\/v2\/media?parent=96"}],"curies":[{"name":"wp","href":"https:\/\/api.w.org\/{rel}","templated":true}]}}

Spök-OL

<p>När kvällarna blivit mörka och natten kryper på &#8211; då brukar det vara dags för en Sjövalla-klassiker, nämligen Spök-OL.</p>



<p>Alla våra ungdomar i klubben bjuds in till en säsongsavslutning, där de yngre får gå en spökvandring längs en stig i skogen. Ute på stigen finns det <em>snälla</em> spöken (klubbens lite äldre ungdomar) som gör kvällen värd att minnas (på ett bra sätt).</p>



<p>Efter vandringen samlas vi i Finnsjögården för avslutning och fika. Glömt inte att anmäla er så maten räcker.</p>



<h2 class="wp-block-heading">När?</h2>



<p>En tisdag eller torsdagskväll i mitten/slutet av oktober. Information om anmälan, plats och tid skickas ut innan &#8211; håll även utkik i <a href="https://orientering.sjovalla.se/index.php/nyheter/" data-type="page" data-id="50">nyheter</a>.</p>

<p>När kvällarna blivit mörka och natten kryper på &#8211; då brukar det vara dags för en Sjövalla-klassiker, nämligen Spök-OL. Alla [&hellip;]</p>
